s**3 + 10*s**2 + 6*s + 1. Let a(f) = x*r(f) + 5*p(f). Calculate a(-3).
-7
Let s(i) = -i**2 + 23*i + 13. Let b be (3/(-1))/(-9) - (-11)/3. Let q(m) = -3*m**2 + 66*m + 39. Let k(j) = b*q(j) - 11*s(j). Determine k(11).
13
Suppose 2*f + 10 = 2*t, -4*t + 2 = 2*f - 12. Suppose 3*h + h = -4*d + 20, 0 = -2*h + 2*d + 22. Let o(p) = -1 + h*p + 18*p - 28*p. Give o(t).
-9
Let r = 13 - -24. Let y = r - 36. Let f(x) = x - 1 + 3 - y. Determine f(-3).
-2
Suppose 2*l - 5*l + 5 = q, -5*q + 15 = 5*l. Suppose -5 = 5*z, -3*t + 1 = -q*z - 1. Let n(v) = -v - 14. Calculate n(t).
-14
Let b(k) = 251*k**2 + 41*k - 144. Let w(t) = -94*t**2 - 13*t + 48. Let v(x) = 3*b(x) + 8*w(x). What is v(-21)?
-6
Let y(p) = 4226 - 5*p + 47*p + 0*p - 4187. Calculate y(-1).
-3
Let w(l) = l + 4*l + 247 - 240 - l**2. Let v(t) = -t**3 - t**2 + t + 4. Suppose 14 = -9*m + 2*m. Let u be v(m). Give w(u).
1
Let b be (-3)/((2 + -4)/6). Let w(l) = 2 - 11*l + 0*l + b*l + l**2. Suppose k + 4*s = 4, 0 = 2*k - 2*s + 4*s - 8. Calculate w(k).
10
Let w(s) be the second derivative of -7*s**5/20 - s**3/2 + 5*s**2/2 - 2654*s. Give w(2).
-57
Let z(x) = -x**2 + 11*x - 19. Let f(a) = -47*a + 158. Let j be f(8). Let g = j - -226. Determine z(g).
5
Let g = 22778 + -22797. Let y(p) = p**3 + 22*p**2 + 57*p + 6. Calculate y(g).
6
Let s(m) be the third derivative of m**5/60 + 13*m**4/24 - 7*m**3/2 - 2*m**2 + 5*m + 19. Determine s(-14).
-7
Let t(r) = -7*r + 54. Suppose 0 = 2*a - 4*o - 16, -2*a - o - 31 = -7*a. Calculate t(a).
12
Let y = -40 + 59. Let b = -897 - -874. Let t = b + y. Let v(a) = a**2 + 6*a + 3. What is v(t)?
-5
Let r(t) = 3*t - 3. Let j be r(2). Suppose -5*m - 7 = 8. Let z(a) = -9*a + 3. Let n(f) = 4*f - 1. Let d(w) = m*z(w) - 7*n(w). Calculate d(j).
-5
Suppose -2*q + 1 = -11. Let k(m) = -3 + 31030*m + 7*m**2 + 4 - 3*m**2 - 31031*m. Let i(o) = -21*o**2 + 11*o - 11. Let p(t) = -i(t) - 5*k(t). Calculate p(q).
6
Let x(y) = -656*y + 129. Let w(n) = 187*n - 43. Let r(q) = 7*w(q) + 2*x(q). Determine r(-14).
-1
Suppose 2*l - 346 = -392. Let a(v) = -v**3 - 22*v**2 + 20*v - 34. Calculate a(l).
35
Let k(j) = j + 1. Let l = -100 + 166. Let t = l + -56. Suppose -t = -3*b - v, -4*b + 8 = 2*v - 6. Calculate k(b).
4
Let s(o) = -o**3 - 4*o**2 + 3*o + 8. Let g be 22/(-242) + ((-755)/165 - (-6)/9). Determine s(g).
-4
Let i = 9 - -1. Let f(p) = -151*p + 13. Let j(z) = 101*z - 12. Let m(o) = -2*f(o) - 3*j(o). What is m(i)?
0
Let o(y) = 2*y**3 - 2*y + 2. Suppose -33 = -5*l - g, l - 1 = 3*g + 12. Let i be (l/((-21)/(-2)))/((-6)/27). Calculate o(i).
-46
Suppose 2*s = -i - 6, 15 - 25 = 3*i + 4*s. Let r(a) = 3*a**3 - 2*a**2 + 2*a - 3. Calculate r(i).
17
Let p(q) = 6 + 14 - 45 - 12 - 4*q. Calculate p(9).
-73
Suppose -4*w + 202 = 10*b, w - 595*b + 599*b = 79. Let s(z) = 2*z**2 + 0*z**3 - 5*z**2 + z**3 + 2*z - 1. What is s(w)?
5
Let u(v) = 6*v - 13. Let b(d) = -5*d + 12. Let n(x) = 4*b(x) + 3*u(x). Let q(j) = j**3 - 35*j**2 + 32*j + 75. Let s be q(34). Give n(s).
-5
Let y(p) = p**2 + 2*p + 2. Let z be (1 + -1)*(-3 - 1)*19/228. What is y(z)?
2
Let k(l) = -58*l + 28. Let j(o) = 42*o - 20. Let r(z) = 7*j(z) + 5*k(z). Determine r(-2).
-8
Let q(m) = -143*m + 229*m - 73*m + 1 - 1. What is q(1)?
13
Let x(o) = o**2 + o + 1. Let p be (4/24 - (-92)/24)*-1. Let q(j) = 19*j**2 + 5*j + 4. Let u(d) = p*x(d) + q(d). Determine u(-1).
14
Let p(o) = 2*o**2 - 3*o + 257487*o**3 - 2*o - 5 - 257490*o**3 - 3*o**2. What is p(-2)?
25
Let v(t) = -103*t - 1130. Let z be v(-11). Let w(x) be the second derivative of -x**2 - 1/2*x**z + 17*x + 0 + 1/12*x**4. Determine w(5).
8
Let n(z) = 47*z + 48. Let j(a) = -a**3 + 11*a**2 + 23*a + 38. Let c be j(13). What is n(c)?
1
Let g(t) = 2*t + t - 8*t + 0 - 26. Let z be g(-6). Suppose z*v + 8 = -0*v. Let w(a) = 4*a. Give w(v).
-8
Let g(w) = 15*w - 3*w - 25 + 18 + 62 + 2*w. What is g(-8)?
-57
Suppose -145*v - 173 = 24 + 238. Let u(i) = 3*i**2 + 10*i + 25. Determine u(v).
22
Let l(p) = -p**3 + 22*p**2 - 4*p + 90. Let f be l(22). Let t(j) be the second derivative of 0 + 1/6*j**3 - 13*j - 9/2*j**f - 1/12*j**4. Calculate t(0).
-9
Suppose -74*n + 70*n - 28 = 0. Let o(k) = -k**3 - 7*k**2 + 4*k + 3. Let g(x) = 2*x**3 + 14*x**2 - 9*x - 7. Let r(l) = 4*g(l) + 9*o(l). Give r(n).
-1
Let n(m) be the third derivative of m**8/20160 + m**7/420 + m**6/90 - 4*m**5/15 - 25*m**2 + 2*m. Let q(z) be the third derivative of n(z). Give q(-11).
-3
Let n(g) = -g**2 + 109*g - 2214. Let b be n(27). Let s(l) be the second derivative of 3/2*l**2 - 1/12*l**4 - 7*l + 2/3*l**3 + b. What is s(-3)?
-18
Let d(g) be the third derivative of -g**6/360 + 3*g**5/40 - g**4/2 + 17*g**3/6 + 78*g**2. Let j(h) be the first derivative of d(h). What is j(9)?
-12
Suppose -3*o - g = -44, -o - 5*g = 32 - 28. Suppose -o = -9*s + 5*s - h, h = -5*s + 21. Let j(k) = k**3 + 0*k**2 + 4 - k**2 + 5*k - 5*k**2. Determine j(s).
4
Let n(b) = -2*b**2 + b. Let q(l) = -16*l**2 - 3*l + 1. Let s(j) = 4*n(j) - q(j). Determine s(-2).
17
Let x(n) = -n - 1. Let p(s) = -9*s - 10. Let k(d) = p(d) - 6*x(d). Suppose -57*w - 51*w + 648 = 0. Determine k(w).
-22
Let h(u) = 2*u**2 + 8*u + 5. Let l be (8/(-7))/(126/441) + 2. What is h(l)?
-3
Let j(x) = x**2 - x - 4. Suppose z = -2*b - 3*z, 3*z - 7 = 2*b. Let i be 6/(-21) - 2/14*b. Determine j(i).
-4
Let l(d) = d**2 - d - 1. Let m(b) = -b**3 - 10*b**2 + b + 3. Let g(h) = 6*l(h) + m(h). Suppose 0 = -531*i + 37*i - 988. What is g(i)?
-1
Let g be -10*(-1)/(8/(-12)). Let n = -12 - g. Let u(i) = -7*i - 5*i**2 + 22*i**2 - 6*i**2 + 2 - 10*i**2 - 1. What is u(n)?
-11
Let t(q) = 3*q - 4*q - q - q**2. Let u be (1 - 8/20*1)*10. Let z be 8/10*(1 - u). Determine t(z).
-8
Let x(r) be the second derivative of r**6/360 - r**5/12 + 2*r**4/3 - 74*r**3/3 - r - 61. Let h(n) be the second derivative of x(n). Give h(8).
0
Let c(q) = -2*q**3 - 25*q**2 + 2*q - 47. Let a(k) = -k**3 - 12*k**2 - 2*k - 24. Let d(g) = 5*a(g) - 2*c(g). Give d(-9).
19
Let o(u) be the third derivative of -u**4/6 - 5*u**3/6 - u**2. Let y = -769 + 102. Let l = -672 - y. Calculate o(l).
15
Suppose -4*t - 64 = -4*g, 2*t + 12 = 280*g - 279*g. Let q(i) be the first derivative of 1/2*i**2 - 7*i - g. Give q(4).
-3
Let w(u) be the first derivative of -u**3/3 - 3*u**2/2 + 14*u - 254. Suppose -3*p - 13 = 5. Let y be w(p). Let g(h) = h**3 + 4*h**2 - 5*h. What is g(y)?
20
Let p(s) = 3*s**2 - s. Suppose 0 = -9*f + 143 + 118. Suppose 27*t + f = -52. Give p(t).
30
Let r(v) = v + 20. Suppose 9*c + 957 = -78*c. Determine r(c).
9
Suppose -3*u - 3*v = 3, -2*v - 8 = 2*u + 3*v. Suppose -3*h = -4*w + u, w = -5*h - 23 + 6. Let k = -5 - w. Let b(y) = -4*y - 3. Give b(k).
9
Let h(d) = -3*d**2 + 24*d - 12. Let z(v) = -2*v**2 + 16*v - 8. Let s(n) = 5*h(n) - 8*z(n). Let o be 3*(2 - 3) + 50. Let g = 50 - o. Determine s(g).
-11
Suppose 35*f + 0 - 105 = 0. Let h(j) = 0*j**2 - 5*j**2 + 44*j + j**3 + 2 - 42*j + 0*j**2. What is h(f)?
-10
Let z be 2708/36 + (-6)/27. Suppose 8*n - z + 19 = 0. Let k(u) = u**3 - 8*u + 8*u**2 - 4*u**3 + 2*u**3 + 5. Calculate k(n).
-2
Let q(c) = c**2 + 14*c + 43. Let n = -42870 - -42864. Give q(n).
-5
Let g(y) = -5 - 3*y**2 + y**2 + 3*y**2 - 6*y. Let n be -2 - ((3 - -1) + -39). Suppose -2*q - 19 = -n. Give g(q).
2
Suppose -5*v = 2*v - 28. Suppose 4*s = -11 - 1. Let d(n) = -n**2 + 8*n - 1. Let g(k) = -k**2 + 10*k. Let l(r) = s*g(r) + v*d(r). What is l(4)?
-12
Let b(c) = -12*c + 8*c + 11*c + 21 - 15*c + 9*c. What is b(4)?
25
Let x(r) = 56*r + 13 - r**3 + 60*r + 0*r**3 - 15*r**2 - 7*r - 107*r. Determine x(-15).
-17
Let i(j) = 5*j**2 - 1. Let p(b) = -b + 11. Let r be p(2). Suppose r*s - 5*s = 4. Give i(s).
4
Let c(j) be the first derivative of -j**3/3 + 11*j**2/2 - 22*j - 7909. Give c(4).
6
Let s(d) = d**3 + 19*d**2 + 10*d + 161. Let p be s(-19). Let x(r) = -2*r**3 - 57*r**2 + 29*r - 1. Give x(p).
-1
Let b(z) = 3*z + 19. Suppose 37*l + 1260 = -143*l. Give b(l).
-2
Let w(t) = -5*t + 25086 - 3*t**2 - 12527 - 12549. Give w(-4).
-18
Let f = -65 + 59. Let c(r) = r**2 - r + 1. Let v(p) = 8*p**2 - 4*p + 3. Let k(q) = f*c(q) + v(q). Determine k(-5).
37
Let z = -237 + 266. Let s(j) = j**2 - 32*j + 89. Determine s(z).
2
Let n = -21 - -21. Suppose n = -30*c - 184 + 4. Let m(i) = i**3 + 5*i**2 - 2*i + 8. Calculate m(c).
-16
Let d(m) = -m**3 + 8*m**2 + m - 1. Let t(r) = -r - 19. Suppose p - 162 = 7*p. Let i be t(p).